
Convert -6c8 (base 14) to base 9.
-1762
Convert -140145 (base 6) to base 12.
-7655
What is -101211121 (base 3) in base 11?
-5a32
Convert 2839 (base 13) to base 16.
16a2
Convert 1473 (base 9) to base 14.
59d
1b7 (base 13) to base 5
2234
-11011 (base 5) to base 16
-2f4
Convert -1142 (base 8) to base 6.
-2454
Convert -3818 (base 9) to base 12.
-1798
What is 1304 (base 6) in base 15?
16d
Convert -142 (base 15) to base 13.
-191
36360 (base 7) to base 11
7111
Convert 803 (base 10) to base 13.
49a
Convert 16a (base 16) to base 8.
552
Convert -523 (base 6) to base 15.
-d0
What is -117103 (base 8) in base 9?
-61516
-1500 (base 6) to base 13
-246
Convert -120101 (base 3) to base 11.
-348
What is -31330 (base 4) in base 9?
-1201
d6f (base 16) to base 12
1ba7
Convert 12030313 (base 4) to base 8.
61467
-1309 (base 13) to base 5
-41323
What is -2302300 (base 4) in base 16?
-2cb0
What is -3331 (base 4) in base 15?
-11d
-468 (base 14) to base 4
-31230
What is 4b5 (base 13) in base 14?
42c
4660 (base 12) to base 11
5995
1bb (base 16) to base 4
12323
What is -14692 (base 11) in base 6?
-240132
What is 11b (base 14) in base 13?
140
35eb (base 16) to base 12
7ba3
What is -28c8 (base 15) in base 5?
-234423
Convert -13af (base 16) to base 3.
-20220122
What is -1c139 (base 13) in base 8?
-153546
Convert -25415 (base 6) to base 10.
-3827
Convert -11612 (base 10) to base 6.
-125432
What is 20133 (base 7) in base 5?
124000
Convert 12a69 (base 11) to base 13.
85cb
Convert 132230 (base 5) to base 6.
40335
Convert 10324 (base 7) to base 5.
40231
Convert -5ac (base 14) to base 13.
-691
What is 636 (base 15) in base 4?
111321
What is 3963 (base 14) in base 13?
4788
What is -11111000100 (base 2) in base 3?
-2201122
What is 41523 (base 8) in base 2?
100001101010011
Convert 16641 (base 9) to base 8.
26302
-11b (base 16) to base 4
-10123
What is -6a2 (base 16) in base 2?
-11010100010
-102222 (base 4) to base 7
-3324
What is -29530 (base 11) in base 14?
-113ab
What is 603 (base 14) in base 13?
6c9
What is -1257 (base 14) in base 16?
-c8d
What is -59240 (base 10) in base 7?
-334466
2432 (base 7) to base 15
405
92b8 (base 12) to base 6
201552
What is d0eb (base 16) in base 13?
1b461
Convert -40422 (base 8) to base 4.
-10010102
Convert -158b (base 15) to base 12.
-281b
-3022301 (base 4) to base 12
-7615
483 (base 11) to base 9
708
-10002011 (base 3) to base 11
-1761
1a522 (base 11) to base 13
10016
Convert -11011011000110 (base 2) to base 16.
-36c6
Convert 11814 (base 11) to base 4.
10020323
Convert -5b8 (base 13) to base 10.
-996
Convert -231044 (base 5) to base 4.
-2001102
Convert 3692 (base 11) to base 4.
1023110
-650 (base 11) to base 2
-1100001101
540 (base 13) to base 14
481
Convert -110145 (base 6) to base 5.
-243022
What is -1792 (base 10) in base 8?
-3400
What is -11010001101001 (base 2) in base 15?
-3e97
What is 87 (base 9) in base 3?
2221
19a (base 11) to base 14
126
Convert 110101011 (base 2) to base 8.
653
Convert -202101 (base 3) to base 16.
-226
Convert -78a (base 13) to base 7.
-3532
Convert 102031213 (base 4) to base 2.
10010001101100111
103 (base 4) to base 8
23
555040 (base 6) to base 9
70656
Convert 13298 (base 11) to base 2.
100101000100111
Convert 90 (base 16) to base 11.
121
What is 101100000101 (base 2) in base 3?
10212111
Convert 20122 (base 6) to base 15.
bb2
What is 471 (base 8) in base 12?
221
-1121032 (base 4) to base 10
-5710
-12763 (base 8) to base 5
-134434
Convert 110001011111000 (base 2) to base 12.
127b4
What is 52705 (base 9) in base 15?
a4c5
Convert 10220020 (base 3) to base 15.
c96
-92 (base 14) to base 13
-9b
What is 2ee3 (base 16) in base 8?
27343
Convert -11032 (base 5) to base 10.
-767
What is -5cb (base 14) in base 2?
-10010000111
2001 (base 9) to base 8
2663
Convert -6262 (base 7) to base 11.
-1720
What is -13022101 (base 4) in base 15?
-8a54
What is 1600 (base 9) in base 2?
10010111111
435 (base 6) to base 14
bd
Convert -679 (base 13) to base 3.
-1112021
What is 2411 (base 6) in base 8?
1107
-1c62 (base 14) to base 15
-1807
3a8 (base 16) to base 2
1110101000
Convert -62642 (base 7) to base 15.
-487b
-b48 (base 16) to base 14
-10a4
150403 (base 7) to base 14
a803
1110101011011 (base 2) to base 6
54443
-1044 (base 7) to base 16
-177
-240 (base 10) to base 2
-11110000
25635 (base 12) to base 15
101b2
1d7b (base 15) to base 8
14420
183 (base 12) to base 11
201
33310 (base 7) to base 6
102454
What is -4140 (base 7) in base 8?
-2651
What is 6154 (base 7) in base 10?
2146
-1212220201 (base 3) to base 12
-19591
What is 1424 (base 6) in base 13?
22c
Convert 24c7 (base 16) to base 7.
36310
What is -24075 (base 9) in base 15?
-4b8b
-376 (base 10) to base 12
-274
Convert 1436 (base 8) to base 3.
1002120
-12c (base 16) to base 12
-210
Convert -1109 (base 10) to base 11.
-919
21423 (base 8) to base 7
35115
What is 183 (base 13) in base 8?
424
What is 731 (base 12) in base 15?
49a
6928 (base 11) to base 12
5329
-3ad (base 16) to base 5
-12231
Convert 2020221 (base 3) to base 8.
3155
What is -6f (base 16) in base 7?
-216
Convert 31032330 (base 4) to base 12.
27450
118bc (base 13) to base 3
1122021000
-9155 (base 11) to base 5
-342120
What is -1209 (base 10) in base 7?
-3345
What is -20763 (base 10) in base 15?
-6243
What is 1303 (base 7) in base 6?
2141
Convert -659 (base 10) to base 4.
-22103
Convert 12521 (base 9) to base 16.
20fb
What is -11230 (base 4) in base 6?
-1404
-2011 (base 5) to base 13
-169
What is -1134424 (base 6) in base 10?
-59344
4a39 (base 11) to base 15
1e36
What is -6608 (base 11) in base 3?
-102221222
Convert 100011001101 (base 2) to base 8.
4315
Convert -2bc6 (base 15) to base 13.
-438c
Convert -3e15 (base 16) to base 8.
-37025
What is a07a (base 11) in base 3?
200101012
Convert -20 (base 5) to base 8.
-12
Convert 38a (base 12) to base 16.
21a
Convert 2112021 (base 3) to base 2.
11100110011
11011010001001 (base 2) to base 14
5133
Convert -1004 (base 9) to base 5.
-10413
Convert dba (base 14) to base 2.
101010011000
-121111 (base 4) to base 13
-979
What is -107 (base 12) in base 15?
-a1
What is 1716 (base 8) in base 6?
4302
What is -792 (base 14) in base 4?
-113130
What is -12a4 (base 12) in base 7?
-6145
Convert -2343003 (base 5) to base 9.
-65606
Convert 21013 (base 4) to base 15.
28d
What is -28fb (base 16) in base 11?
-7978
What is 1b42 (base 13) in base 16?
100e
-12000112 (base 3) to base 7
-13445
What is -1b84 (base 13) in base 14?
-1736
Convert -110101110100111 (base 2) to base 16.
-6ba7
-14245 (base 6) to base 11
-1776
Convert -112154 (base 7) to base 6.
-232302
Convert 185 (base 14) to base 16.
139
522152 (base 6) to base 11
29597
What is 101123 (base 5) in base 14?
12ac
Convert -9033 (base 14) to base 10.
-24741
What is -1420 (base 6) in base 8?
-564
What is -1100101000001 (base 2) in base 14?
-24db
Convert a04 (base 11) to base 12.
852
1bd (base 15) to base 11
337
-82ad (base 16) to base 4
-20022231
What is 84 (base 16) in base 2?
10000100
Convert 11034 (base 8) to base 3.
20100201
What is 1001011001010 (base 2) in base 11?
3683
Convert -45625 (base 9) to base 8.
-73276
8694 (base 11) to base 5
331402
Convert 3438 (base 13) to base 15.
2279
What is -c8e (base 16) in base 5?
-100324
133376 (base 9) to base 6
1424023
1202121020 (base 3) to base 9
52536
Convert -110010000001 (base 2) to base 6.
-22453
230202 (base 4) to base 2
101100100010
-2220113 (base 4) to base 10
-10775
What is 11354 (base 7) in base 3?
11000112
What is 223320 (base 4) in base 14?
1048
What is 758 (base 10) in base 4?
23312
Convert -3211 (base 5) to base 2.
-110101111
What is -898 (base 12) in base 11?
-a53
What is 2604 (base 12) in base 4?
1003210
Convert 87db (base 16) to base 13.
12aa4
Convert -4671 (base 12) to base 8.
-17265
-4030 (base 7) to base 4
-111301
Convert 422420 (base 5) to base 3.
201100121
Convert -1b2 (base 15) to base 12.
-288
-2680 (base 9) to base 16
-7e0
Convert -f256 (base 16) to base 6.
-1155114
Convert -2ea4 (base 15) to base 9.
-14711
What is -12ce (base 15) in base 6?
-30335
What is -38772 (base 11) in base 8?
-154311
120f (base 16) to base 9
6306
-483 (base 13) to base 4
-30033
2101221 (base 4) to base 6
111053
969 (base 11) to base 15
529
What is 44504 (base 6) in base 11?
4756
Convert -40fd (base 16) to base 6.
-2050